remainder when 1025 is divided by c.
5
Let n(f) = -2*f**2 - 24*f - 39. Let l be n(-18). Let y = -30 - -52. Calculate the remainder when 1/(6/(-18) - 88/l) is divided by y.
19
Suppose -49*u + 53*u - 3*i - 1153 = 0, 5*u = 4*i + 1441. What is the remainder when u is divided by 75?
64
Let c = 136 - 132. Suppose i + 2*i + z = 139, c*z = -5*i + 234. What is the remainder when 85 is divided by i?
39
Suppose 40 = 3*t + l, 8*l + 10 = 2*t + 12*l. Suppose -t*b + 420 = -5*b. What is the remainder when b is divided by 22?
20
Let k(g) = 7*g**3 - 2*g**2 - g - 3. Let v be k(3). Let z = v - 120. Calculate the remainder when 84 is divided by z.
39
Let t(n) = -n**2 + 3*n + 96. Let o be (6 - 5)*-7 + -1. What is the remainder when 151 is divided by t(o)?
7
Let m(h) = h - 2*h + 11 - 7. Suppose -2*y - 16 = 2*j, 46*y + 4 = 44*y. Calculate the remainder when 47 is divided by m(j).
7
Let a(m) be the first derivative of -15 + 3*m + 39/2*m**2. What is the remainder when a(2) is divided by 41?
40
Suppose -d = 5 - 16. What is the remainder when d is divided by 5004/7784*(-56)/(-6)?
5
Let m(v) = 3*v**2 - v - 1. Calculate the remainder when 2948/(-1474) - ((-61)/3 - (-4)/(-6)) is divided by m(-1).
1
Suppose 4*u = -2*q + 90, -u - 86*q = -90*q. Let r = -145 + 278. What is the remainder when r is divided by u?
13
Suppose 40*g + 147 = 47*g. What is the remainder when 244 is divided by 90/g*19 - (-24)/42?
80
Let p be (-36012)/69 - (-26)/(-299). Calculate the remainder when (0 + 1)/((-18)/p) is divided by 5.
4
Suppose 2479*r - 227 = 2447*r + 1021. Calculate the remainder when r is divided by 5/(10/24) - 1.
6
Suppose 4*i - 442 = -2*t, 0 = 4*i + 22*t - 27*t - 477. Let d(c) = -70*c**3 - 1. Let o be d(1). Let w = i + o. What is the remainder when w is divided by 23?
19
Let w(n) = -33*n - 13 - 9 + n**3 + 27 - 23*n**2 - 11*n. What is the remainder when w(25) is divided by 6?
5
Let s(g) = -g**3 + 24*g**2 + g - 4. Suppose -9*c - 1056 = 3*c. Let o = 165 + c. What is the remainder when o is divided by s(24)?
17
Let p(w) = -w**3 + 7*w**2 - 2*w - 32. Let g be p(6). Calculate the remainder when 53 is divided by 4/5*((-300)/g)/3.
3
Suppose -371*m + 8515 = -8546 - 10393. Calculate the remainder when (-290)/(-2) + 2 + -2 is divided by m.
71
Let y = 287 - 379. Let s = -76 - y. What is the remainder when 12/(6/(-45)*-3) is divided by s?
14
Suppose 0 = -2*s + 1073 - 379. Let d = s - 128. What is the remainder when 2*(4/(-6))/((-4)/d) is divided by 27?
19
Let y = 56 - 17. Let p = y - 5. Suppose -x = o - 98, -2*o + 3*o = 4*x - 402. What is the remainder when x is divided by p?
32
Let y be 15/(-45) - (-2)/6. Suppose y = -50*m + 46*m + 376. Let t = m - 48. Calculate the remainder when t is divided by 26.
20
Suppose 4*o = -0*s - 3*s + 2364, -2*o = s - 1182. Calculate the remainder when o is divided by 8.
7
Let a(p) = p**2 + 7. Suppose 6*y = -3*y + 3*y. Let f be a(y). Let o(m) = -m**3 + 9*m**2 - 6*m - 7. Calculate the remainder when o(f) is divided by 15.
4
Suppose 9*f + 137 = 10*f - 2*o, 0 = 5*o + 15. What is the remainder when 213 is divided by f?
82
Calculate the remainder when (-2)/22 + 79232/352 is divided by 156.
69
Suppose 759 = 24*c - 469 - 1268. What is the remainder when 7291 is divided by c?
11
Suppose -84 = -2*r + 2*w, -1295*r + 5*w = -1291*r - 168. Calculate the remainder when 291 is divided by r.
39
Let r(w) = 33*w - 255. Calculate the remainder when 2316 is divided by r(8).
3
Let n be (-19)/((-5)/(8 + -3)). Suppose -71*z - n = -72*z. Calculate the remainder when 71 is divided by z.
14
Let s = 74 + -40. Suppose q - s = -13. Calculate the remainder when 1568/20 - (-24)/40 is divided by q.
16
Let v(n) = -n**2 + 18. Let a = -62 - -62. Let f(x) = -x - 7. What is the remainder when v(a) is divided by f(-14)?
4
Suppose 32*q - 342 = -80*q + 330. Let j = 12 + -3. What is the remainder when j is divided by q?
3
Let s = 52206 + -52147. Let m(u) = u + 4. What is the remainder when s is divided by m(6)?
9
Suppose 0 = 54*f - 59*f + 825. Let t = f - 106. Calculate the remainder when t is divided by 7.
3
What is the remainder when 644 is divided by (56/(-24))/((-42)/648)?
32
Let x = 146 + -136. Suppose -11*m + x = -6*m. Suppose -2*o - m*t = -388, -90 = -o - 2*t + 107. What is the remainder when o is divided by 49?
44
Let t(j) = 2*j**3 - 15*j**2 + 15*j - 26. What is the remainder when 836 is divided by t(7)?
26
Suppose 769 + 500 = -9*d. Let u = d + 181. Calculate the remainder when 398 is divided by u.
38
Suppose 4*g + 9*g = -23*g + 972. What is the remainder when 191 is divided by g?
2
Suppose -k + 2*d = k - 72, -2*k + 87 = 3*d. Suppose 3*w + 16 = 5*f, -3*f + 18 = -6. What is the remainder when k is divided by w?
7
Let z = -1575 - -1642. Calculate the remainder when 453 is divided by z.
51
Let v = -2898 + 2905. What is the remainder when 49 is divided by v?
0
What is the remainder when 363 is divided by 61 + 7 + -11 + -11?
41
Suppose -5*d = -30, 26 = -340*q + 345*q + d. Let o = -18 - -52. Calculate the remainder when o is divided by q.
2
Let j(n) = -n + 24. Let m = 163 + -142. Let p be j(m). Suppose -5*y - 3*l + 486 - 152 = 0, -p*l = 3*y - 198. What is the remainder when y is divided by 18?
14
Let t(f) = 613*f - 7345. Suppose -3*u - 2*u = -25. What is the remainder when t(12) is divided by u?
1
Suppose -3*z = -3*b + 9, -2*z = 4*b - z - 37. Let j = 9 - b. Let a(d) = 22*d**2 - 5*d + 4. Calculate the remainder when a(j) is divided by 6.
3
Let r be 5 + (-5)/35 + 2433/(-21). Let c = 169 + r. What is the remainder when 113 is divided by c?
55
Suppose -5*r = 2*x - 214, 2*x - 3*r - 473 = -3*x. Let u(d) = -32*d + 11. Calculate the remainder when x is divided by u(0).
9
Let a = -8299 + 8375. What is the remainder when 759 is divided by a?
75
Let j = -466 - -922. Suppose -4*r - 4*r = -j. Calculate the remainder when r is divided by 15.
12
Suppose -5*l = c - 48, 148 = 13*c - 8*c + 2*l. Suppose -c = -y - 2*a, -5*y + 5*a = -y - 47. Let d = -87 + 156. What is the remainder when d is divided by y?
15
Suppose 5*k = 4*c + 2031 - 94, -3*k = -c - 1165. Calculate the remainder when k is divided by 23.
21
Suppose y = 5*y - 20. Suppose 2*w - 2*b = 0, 5*w - w + b = -y. Let g(p) = -8*p**3 + 2*p + 2. What is the remainder when 16 is divided by g(w)?
0
Let z be 3 - (343 - 18/6). Let b = z + 366. What is the remainder when 88 is divided by b?
1
Suppose -6 = -2*o - 2. Suppose -56 = -o*t + s - 15, 0 = -4*t - s + 73. Suppose t*w - 15*w = 132. Calculate the remainder when 130 is divided by w.
31
Suppose 2*y - 8 = -4*i, 0 = 5*y - 2*i - 2*i + 36. What is the remainder when y + 3/((-15)/(-205)) + 1 is divided by 9?
2
Suppose 10*x + 638 = 868. Suppose 3*g + 2*p = 6*g + 27, -2*p + 9 = -g. Let q(s) = 2*s**2 + 9*s + 9. Calculate the remainder when q(g) is divided by x.
21
Let m = -38 - -40. Let l = 22 + -19. What is the remainder when 161 is divided by l/((m - 5)/(-27))?
26
Let z(p) = p**3 - 29*p**2 + 145*p - 4. Calculate the remainder when 57 is divided by z(6).
19
Calculate the remainder when 17080 is divided by (-1 + 2 + 1)*1079/166.
11
What is the remainder when (2/3)/(4/210) is divided by (-1764)/1029*(-2)/(4/21)?
17
Suppose 0 = 3*v - 2*x + 5*x - 171, -5*x - 107 = -2*v. Let n = v + 143. What is the remainder when n is divided by 10?
9
Let n(w) = 5*w**2 + 2*w - 1. What is the remainder when 17 + 3 - 58/((-4176)/15480) is divided by n(-2)?
10
Suppose 10*t - 4*x = 19608, -25*t + 23*t + 3951 = -5*x. What is the remainder when t is divided by 39?
8
Let u(x) = 131*x**3 - 13*x**2 + 36*x - 15. Calculate the remainder when u(2) is divided by 26.
13
Let r(c) = 150*c + 1. Let y(h) = h**3 + 16*h**2 - 32*h - 217. Calculate the remainder when r(1) is divided by y(-17).
37
Let a be 445/(-4) + 8/32. Let r = a + 118. Suppose -2*l + 243 = r*l. Calculate the remainder when 107 is divided by l.
26
Let a = 12 - -24. Suppose 0 = t - 5 + 11. Let l = t + a. What is the remainder when l is divided by 18?
12
Suppose -109 = -2*k - 18*a + 23*a, 7*k = -5*a + 404. Let c = 0 - -4. Suppose -156 = -c*w - 28. Calculate the remainder when k is divided by w.
25
Suppose -127*d = -1151801 + 19088. What is the remainder when d is divided by 6?
3
Suppose 10*p - 470 = 1230. Suppose -4*t + p = -14*t. Calculate the remainder when 11 is divided by 1166/374 + 0 + 2/t.
2
What is 